CRAN Package Check Results for Package condSURV

Last updated on 2021-03-04 00:47:55 CET.

Flavor Version Tinstall Tcheck Ttotal Status Flags
r-devel-linux-x86_64-debian-clang 2.0.1 15.01 91.71 106.72 OK
r-devel-linux-x86_64-debian-gcc 2.0.1 9.89 69.10 78.99 OK
r-devel-linux-x86_64-fedora-clang 2.0.1 131.82 NOTE
r-devel-linux-x86_64-fedora-gcc 2.0.1 119.12 NOTE
r-devel-windows-ix86+x86_64 2.0.1 28.00 140.00 168.00 OK
r-patched-linux-x86_64 2.0.1 12.53 83.04 95.57 OK
r-patched-solaris-x86 2.0.1 182.00 OK
r-release-linux-x86_64 2.0.1 11.73 83.88 95.61 OK
r-release-macos-x86_64 2.0.1 OK
r-release-windows-ix86+x86_64 2.0.1 19.00 117.00 136.00 OK
r-oldrel-macos-x86_64 2.0.1 OK
r-oldrel-windows-ix86+x86_64 2.0.1 24.00 131.00 155.00 OK

Additional issues

clang-UBSAN gcc-UBSAN

Check Details

Version: 2.0.1
Check: compiled code
Result: NOTE
    File ‘condSURV/libs/condSURV.so’:
     Found no calls to: ‘R_registerRoutines’, ‘R_useDynamicSymbols’
    
    It is good practice to register native routines and to disable symbol
    search.
    
    See ‘Writing portable packages’ in the ‘Writing R Extensions’ manual.
Flavors: r-devel-linux-x86_64-fedora-clang, r-devel-linux-x86_64-fedora-gcc