Last updated on 2021-03-04 00:47:55 CET.
Flavor | Version | Tinstall | Tcheck | Ttotal | Status | Flags |
---|---|---|---|---|---|---|
r-devel-linux-x86_64-debian-clang | 1.4.0 | 238.18 | 265.12 | 503.30 | NOTE | |
r-devel-linux-x86_64-debian-gcc | 1.4.0 | 157.92 | 174.02 | 331.94 | NOTE | |
r-devel-windows-ix86+x86_64 | 1.4.0 | 520.00 | 279.00 | 799.00 | NOTE | |
r-patched-linux-x86_64 | 1.4.0 | 152.29 | 212.64 | 364.93 | NOTE | |
r-release-linux-x86_64 | 1.4.0 | 145.91 | 213.14 | 359.05 | NOTE | |
r-release-macos-x86_64 | 1.4.0 | NOTE | ||||
r-release-windows-ix86+x86_64 | 1.4.0 | 503.00 | 293.00 | 796.00 | WARN | |
r-oldrel-macos-x86_64 | 1.4.0 | NOTE | ||||
r-oldrel-windows-ix86+x86_64 | 1.4.0 | 1.00 | 6.00 | 7.00 | ERROR |
Version: 1.4.0
Check: package dependencies
Result: NOTE
Packages suggested but not available for checking: 'conosPanel', 'p2data'
Flavors: r-devel-linux-x86_64-debian-clang, r-devel-linux-x86_64-debian-gcc, r-devel-windows-ix86+x86_64, r-patched-linux-x86_64, r-release-linux-x86_64, r-release-macos-x86_64, r-release-windows-ix86+x86_64
Version: 1.4.0
Check: installed package size
Result: NOTE
installed size is 11.4Mb
sub-directories of 1Mb or more:
libs 9.7Mb
Flavors: r-release-macos-x86_64, r-oldrel-macos-x86_64
Version: 1.4.0
Check: whether package can be installed
Result: WARN
Found the following significant warnings:
Warning: namespace 'pagoda2' is not available and has been replaced
Flavor: r-release-windows-ix86+x86_64
Version: 1.4.0
Check: package dependencies
Result: NOTE
Packages suggested but not available for checking:
'conosPanel', 'GO.db', 'org.Hs.eg.db', 'org.Mm.eg.db', 'p2data'
Flavor: r-oldrel-macos-x86_64
Version: 1.4.0
Check: package dependencies
Result: ERROR
Packages required but not available: 'leidenAlg', 'N2R'
Packages suggested but not available for checking:
'conosPanel', 'p2data', 'pagoda2'
See section 'The DESCRIPTION file' in the 'Writing R Extensions'
manual.
Flavor: r-oldrel-windows-ix86+x86_64