Last updated on 2021-03-04 00:47:55 CET.
Flavor | Version | Tinstall | Tcheck | Ttotal | Status | Flags |
---|---|---|---|---|---|---|
r-devel-linux-x86_64-debian-clang | 0.4.4 | 29.28 | 32.78 | 62.06 | OK | |
r-devel-linux-x86_64-debian-gcc | 0.4.4 | 22.21 | 26.14 | 48.35 | OK | |
r-devel-linux-x86_64-fedora-clang | 0.4.4 | 85.32 | NOTE | |||
r-devel-linux-x86_64-fedora-gcc | 0.4.4 | 78.37 | OK | |||
r-devel-windows-ix86+x86_64 | 0.4.4 | 56.00 | 75.00 | 131.00 | OK | |
r-patched-linux-x86_64 | 0.4.4 | 24.88 | 32.60 | 57.48 | OK | |
r-patched-solaris-x86 | 0.4.4 | 88.00 | OK | |||
r-release-linux-x86_64 | 0.4.4 | 24.52 | 32.17 | 56.69 | OK | |
r-release-macos-x86_64 | 0.4.4 | NOTE | ||||
r-release-windows-ix86+x86_64 | 0.4.4 | 40.00 | 59.00 | 99.00 | OK | |
r-oldrel-macos-x86_64 | 0.4.4 | NOTE | ||||
r-oldrel-windows-ix86+x86_64 | 0.4.4 | 48.00 | 65.00 | 113.00 | OK |
Version: 0.4.4
Check: installed package size
Result: NOTE
installed size is 9.1Mb
sub-directories of 1Mb or more:
libs 8.5Mb
Flavors: r-devel-linux-x86_64-fedora-clang, r-release-macos-x86_64, r-oldrel-macos-x86_64