Last updated on 2021-03-04 00:47:55 CET.
Flavor | Version | Tinstall | Tcheck | Ttotal | Status | Flags |
---|---|---|---|---|---|---|
r-devel-linux-x86_64-debian-clang | 0.1.0 | 4.52 | 33.15 | 37.67 | OK | |
r-devel-linux-x86_64-debian-gcc | 0.1.0 | 3.39 | 26.06 | 29.45 | OK | |
r-devel-linux-x86_64-fedora-clang | 0.1.0 | 54.32 | NOTE | |||
r-devel-linux-x86_64-fedora-gcc | 0.1.0 | 44.18 | NOTE | |||
r-devel-windows-ix86+x86_64 | 0.1.0 | 9.00 | 53.00 | 62.00 | OK | |
r-patched-linux-x86_64 | 0.1.0 | 3.22 | 32.70 | 35.92 | OK | |
r-patched-solaris-x86 | 0.1.0 | 71.00 | NOTE | |||
r-release-linux-x86_64 | 0.1.0 | 2.86 | 32.25 | 35.11 | OK | |
r-release-macos-x86_64 | 0.1.0 | NOTE | ||||
r-release-windows-ix86+x86_64 | 0.1.0 | 6.00 | 42.00 | 48.00 | OK | |
r-oldrel-macos-x86_64 | 0.1.0 | NOTE | ||||
r-oldrel-windows-ix86+x86_64 | 0.1.0 | 6.00 | 49.00 | 55.00 | OK |
Version: 0.1.0
Check: dependencies in R code
Result: NOTE
Namespaces in Imports field not imported from:
‘mapview’ ‘plotly’
All declared Imports should be used.
Flavors: r-devel-linux-x86_64-fedora-clang, r-devel-linux-x86_64-fedora-gcc, r-patched-solaris-x86, r-release-macos-x86_64, r-oldrel-macos-x86_64