Last updated on 2021-03-04 00:47:55 CET.
Flavor | Version | Tinstall | Tcheck | Ttotal | Status | Flags |
---|---|---|---|---|---|---|
r-devel-linux-x86_64-debian-clang | 1.27.7 | 35.75 | 359.99 | 395.74 | OK | |
r-devel-linux-x86_64-debian-gcc | 1.27.7 | 28.40 | 275.99 | 304.39 | OK | |
r-devel-linux-x86_64-fedora-clang | 1.27.7 | 475.90 | OK | |||
r-devel-linux-x86_64-fedora-gcc | 1.27.7 | 496.58 | OK | |||
r-devel-windows-ix86+x86_64 | 1.27.7 | 60.00 | 412.00 | 472.00 | OK | |
r-patched-linux-x86_64 | 1.27.7 | 33.17 | 351.11 | 384.28 | OK | |
r-patched-solaris-x86 | 1.27.7 | 527.10 | OK | |||
r-release-linux-x86_64 | 1.27.7 | 35.85 | 351.67 | 387.52 | OK | |
r-release-macos-x86_64 | 1.27.7 | OK | ||||
r-release-windows-ix86+x86_64 | 1.27.7 | 45.00 | 286.00 | 331.00 | OK | |
r-oldrel-macos-x86_64 | 1.27.7 | WARN | ||||
r-oldrel-windows-ix86+x86_64 | 1.27.7 | 56.00 | 374.00 | 430.00 | WARN |
Version: 1.27.7
Check: Rd cross-references
Result: WARN
Missing link or links in documentation object 'cube-computing.Rd':
‘[base:marginSums]{base::margin.table()}’
‘[base:proportions]{base::prop.table()}’
See section 'Cross-references' in the 'Writing R Extensions' manual.
Flavors: r-oldrel-macos-x86_64, r-oldrel-windows-ix86+x86_64