CRAN Package Check Results for Package designr

Last updated on 2021-03-04 00:47:56 CET.

Flavor Version Tinstall Tcheck Ttotal Status Flags
r-devel-linux-x86_64-debian-clang 0.1.10 5.15 37.52 42.67 OK
r-devel-linux-x86_64-debian-gcc 0.1.10 3.80 28.92 32.72 OK
r-devel-linux-x86_64-fedora-clang 0.1.10 60.31 NOTE
r-devel-linux-x86_64-fedora-gcc 0.1.10 50.47 NOTE
r-devel-windows-ix86+x86_64 0.1.10 14.00 57.00 71.00 OK
r-patched-linux-x86_64 0.1.10 5.13 35.22 40.35 OK
r-patched-solaris-x86 0.1.10 68.80 NOTE
r-release-linux-x86_64 0.1.10 3.97 35.80 39.77 OK
r-release-macos-x86_64 0.1.10 NOTE
r-release-windows-ix86+x86_64 0.1.10 10.00 42.00 52.00 OK
r-oldrel-macos-x86_64 0.1.10 NOTE
r-oldrel-windows-ix86+x86_64 0.1.10 8.00 50.00 58.00 OK

Check Details

Version: 0.1.10
Check: dependencies in R code
Result: NOTE
    Namespace in Imports field not imported from: ‘MASS’
     All declared Imports should be used.
Flavors: r-devel-linux-x86_64-fedora-clang, r-devel-linux-x86_64-fedora-gcc, r-patched-solaris-x86, r-release-macos-x86_64, r-oldrel-macos-x86_64