Last updated on 2021-03-04 00:47:56 CET.
Flavor | Version | Tinstall | Tcheck | Ttotal | Status | Flags |
---|---|---|---|---|---|---|
r-devel-linux-x86_64-debian-clang | 0.1.3 | 98.82 | 108.88 | 207.70 | NOTE | |
r-devel-linux-x86_64-debian-gcc | 0.1.3 | 73.66 | 82.73 | 156.39 | NOTE | |
r-devel-linux-x86_64-fedora-clang | 0.1.3 | 523.19 | NOTE | |||
r-devel-linux-x86_64-fedora-gcc | 0.1.3 | 499.93 | NOTE | |||
r-devel-windows-ix86+x86_64 | 0.1.3 | 167.00 | 262.00 | 429.00 | NOTE | |
r-patched-linux-x86_64 | 0.1.3 | 76.02 | 104.52 | 180.54 | NOTE | |
r-patched-solaris-x86 | 0.1.3 | 343.70 | NOTE | |||
r-release-linux-x86_64 | 0.1.3 | 83.17 | 105.41 | 188.58 | NOTE | |
r-release-macos-x86_64 | 0.1.3 | NOTE | ||||
r-release-windows-ix86+x86_64 | 0.1.3 | 130.00 | 201.00 | 331.00 | NOTE | |
r-oldrel-macos-x86_64 | 0.1.3 | NOTE | ||||
r-oldrel-windows-ix86+x86_64 | 0.1.3 | 159.00 | 494.00 | 653.00 | NOTE |
Version: 0.1.3
Check: package dependencies
Result: NOTE
Package suggested but not available for checking: 'INLA'
Flavors: r-devel-linux-x86_64-debian-clang, r-devel-linux-x86_64-debian-gcc, r-patched-linux-x86_64, r-patched-solaris-x86, r-release-linux-x86_64, r-release-macos-x86_64, r-oldrel-macos-x86_64
Version: 0.1.3
Check: installed package size
Result: NOTE
installed size is 21.3Mb
sub-directories of 1Mb or more:
libs 21.0Mb
Flavors: r-devel-linux-x86_64-fedora-clang, r-devel-windows-ix86+x86_64, r-release-macos-x86_64, r-release-windows-ix86+x86_64, r-oldrel-macos-x86_64, r-oldrel-windows-ix86+x86_64
Version: 0.1.3
Check: dependencies in R code
Result: NOTE
Namespaces in Imports field not imported from:
‘rgdal’ ‘rgeos’ ‘splancs’ ‘utils’
All declared Imports should be used.
Flavors: r-devel-linux-x86_64-fedora-clang, r-devel-linux-x86_64-fedora-gcc, r-patched-solaris-x86, r-release-macos-x86_64, r-oldrel-macos-x86_64