Last updated on 2021-03-04 00:47:56 CET.
Flavor | Version | Tinstall | Tcheck | Ttotal | Status | Flags |
---|---|---|---|---|---|---|
r-devel-linux-x86_64-debian-clang | 1.0.19 | 2.31 | 24.67 | 26.98 | NOTE | |
r-devel-linux-x86_64-debian-gcc | 1.0.19 | 1.84 | 19.45 | 21.29 | NOTE | |
r-devel-linux-x86_64-fedora-clang | 1.0.19 | 43.23 | OK | |||
r-devel-linux-x86_64-fedora-gcc | 1.0.19 | 31.82 | OK | |||
r-devel-windows-ix86+x86_64 | 1.0.19 | 6.00 | 43.00 | 49.00 | OK | |
r-patched-linux-x86_64 | 1.0.19 | 2.26 | 24.00 | 26.26 | NOTE | |
r-patched-solaris-x86 | 1.0.19 | 52.10 | OK | |||
r-release-linux-x86_64 | 1.0.19 | 2.16 | 24.00 | 26.16 | NOTE | |
r-release-macos-x86_64 | 1.0.19 | OK | ||||
r-release-windows-ix86+x86_64 | 1.0.19 | 4.00 | 31.00 | 35.00 | OK | |
r-oldrel-macos-x86_64 | 1.0.19 | OK | ||||
r-oldrel-windows-ix86+x86_64 | 1.0.19 | 14.00 | 38.00 | 52.00 | OK |
Version: 1.0.19
Check: R code for possible problems
Result: NOTE
Found the following calls to attach():
File 'doSNOW/R/doSNOW.R':
attach(exportEnv)
See section 'Good practice' in '?attach'.
Flavors: r-devel-linux-x86_64-debian-clang, r-devel-linux-x86_64-debian-gcc, r-patched-linux-x86_64, r-release-linux-x86_64