Last updated on 2021-03-04 00:47:56 CET.
Flavor | Version | Tinstall | Tcheck | Ttotal | Status | Flags |
---|---|---|---|---|---|---|
r-devel-linux-x86_64-debian-clang | 1.0.0 | 12.47 | 288.97 | 301.44 | OK | |
r-devel-linux-x86_64-debian-gcc | 1.0.0 | 10.98 | 199.98 | 210.96 | OK | |
r-devel-linux-x86_64-fedora-clang | 1.0.0 | 344.57 | NOTE | |||
r-devel-linux-x86_64-fedora-gcc | 1.0.0 | 329.42 | NOTE | |||
r-devel-windows-ix86+x86_64 | 1.0.0 | 29.00 | 303.00 | 332.00 | OK | |
r-patched-linux-x86_64 | 1.0.0 | 13.68 | 253.74 | 267.42 | OK | |
r-patched-solaris-x86 | 1.0.0 | 426.30 | NOTE | |||
r-release-linux-x86_64 | 1.0.0 | 12.23 | 255.04 | 267.27 | OK | |
r-release-macos-x86_64 | 1.0.0 | NOTE | ||||
r-release-windows-ix86+x86_64 | 1.0.0 | 24.00 | 242.00 | 266.00 | OK | |
r-oldrel-macos-x86_64 | 1.0.0 | NOTE | ||||
r-oldrel-windows-ix86+x86_64 | 1.0.0 | 26.00 | 311.00 | 337.00 | OK |
Version: 1.0.0
Check: dependencies in R code
Result: NOTE
Namespace in Imports field not imported from: ‘gridExtra’
All declared Imports should be used.
Flavors: r-devel-linux-x86_64-fedora-clang, r-devel-linux-x86_64-fedora-gcc, r-patched-solaris-x86, r-release-macos-x86_64, r-oldrel-macos-x86_64