Last updated on 2021-03-04 00:47:56 CET.
Flavor | Version | Tinstall | Tcheck | Ttotal | Status | Flags |
---|---|---|---|---|---|---|
r-devel-linux-x86_64-debian-clang | 0.2.1 | 2.84 | 40.33 | 43.17 | OK | |
r-devel-linux-x86_64-debian-gcc | 0.2.1 | 2.21 | 31.07 | 33.28 | OK | |
r-devel-linux-x86_64-fedora-clang | 0.2.1 | 61.68 | NOTE | |||
r-devel-linux-x86_64-fedora-gcc | 0.2.1 | 53.68 | OK | |||
r-devel-windows-ix86+x86_64 | 0.2.1 | 7.00 | 57.00 | 64.00 | NOTE | |
r-patched-linux-x86_64 | 0.2.1 | 2.73 | 38.60 | 41.33 | OK | |
r-patched-solaris-x86 | 0.2.1 | 71.40 | NOTE | |||
r-release-linux-x86_64 | 0.2.1 | 2.84 | 39.02 | 41.86 | OK | |
r-release-macos-x86_64 | 0.2.1 | NOTE | ||||
r-release-windows-ix86+x86_64 | 0.2.1 | 6.00 | 44.00 | 50.00 | NOTE | |
r-oldrel-macos-x86_64 | 0.2.1 | NOTE | ||||
r-oldrel-windows-ix86+x86_64 | 0.2.1 | 5.00 | 60.00 | 65.00 | NOTE |
Version: 0.2.1
Check: installed package size
Result: NOTE
installed size is 5.2Mb
sub-directories of 1Mb or more:
assets 2.9Mb
doc 2.1Mb
Flavors: r-devel-linux-x86_64-fedora-clang, r-devel-windows-ix86+x86_64, r-patched-solaris-x86, r-release-macos-x86_64, r-release-windows-ix86+x86_64, r-oldrel-macos-x86_64, r-oldrel-windows-ix86+x86_64