CRAN Package Check Results for Package dynamichazard

Last updated on 2021-03-04 00:47:56 CET.

Flavor Version Tinstall Tcheck Ttotal Status Flags
r-devel-linux-x86_64-debian-clang 0.6.8 667.18 229.71 896.89 OK
r-devel-linux-x86_64-debian-gcc 0.6.8 439.03 172.31 611.34 OK
r-devel-linux-x86_64-fedora-clang 0.6.8 1204.74 NOTE
r-devel-linux-x86_64-fedora-gcc 0.6.8 1134.17 OK
r-devel-windows-ix86+x86_64 0.6.8 1458.00 410.00 1868.00 NOTE
r-patched-linux-x86_64 0.6.8 523.29 219.27 742.56 OK
r-patched-solaris-x86 0.6.8 957.30 NOTE
r-release-linux-x86_64 0.6.8 520.13 220.51 740.64 OK
r-release-macos-x86_64 0.6.8 NOTE
r-release-windows-ix86+x86_64 0.6.8 1057.00 342.00 1399.00 NOTE
r-oldrel-macos-x86_64 0.6.8 NOTE
r-oldrel-windows-ix86+x86_64 0.6.8 1301.00 396.00 1697.00 NOTE

Check Details

Version: 0.6.8
Check: installed package size
Result: NOTE
     installed size is 37.6Mb
     sub-directories of 1Mb or more:
     data 4.2Mb
     doc 1.7Mb
     libs 31.2Mb
Flavors: r-devel-linux-x86_64-fedora-clang, r-devel-windows-ix86+x86_64, r-patched-solaris-x86, r-release-macos-x86_64, r-release-windows-ix86+x86_64, r-oldrel-macos-x86_64, r-oldrel-windows-ix86+x86_64