Last updated on 2021-03-04 00:47:56 CET.
Flavor | Version | Tinstall | Tcheck | Ttotal | Status | Flags |
---|---|---|---|---|---|---|
r-devel-linux-x86_64-debian-clang | 0.5-2 | 6.75 | 63.15 | 69.90 | OK | |
r-devel-linux-x86_64-debian-gcc | 0.5-2 | 4.64 | 46.37 | 51.01 | OK | |
r-devel-linux-x86_64-fedora-clang | 0.5-2 | 88.32 | NOTE | |||
r-devel-linux-x86_64-fedora-gcc | 0.5-2 | 96.33 | NOTE | |||
r-devel-windows-ix86+x86_64 | 0.5-2 | 12.00 | 96.00 | 108.00 | OK | |
r-patched-linux-x86_64 | 0.5-2 | 3.61 | 59.67 | 63.28 | OK | |
r-patched-solaris-x86 | 0.5-2 | 106.50 | NOTE | |||
r-release-linux-x86_64 | 0.5-2 | 3.84 | 58.51 | 62.35 | OK | |
r-release-macos-x86_64 | 0.5-2 | NOTE | ||||
r-release-windows-ix86+x86_64 | 0.5-2 | 9.00 | 70.00 | 79.00 | OK | |
r-oldrel-macos-x86_64 | 0.5-2 | NOTE | ||||
r-oldrel-windows-ix86+x86_64 | 0.5-2 | 9.00 | 90.00 | 99.00 | OK |
Version: 0.5-2
Check: dependencies in R code
Result: NOTE
Namespace in Imports field not imported from: ‘rprojroot’
All declared Imports should be used.
Flavors: r-devel-linux-x86_64-fedora-clang, r-devel-linux-x86_64-fedora-gcc, r-patched-solaris-x86, r-release-macos-x86_64, r-oldrel-macos-x86_64