CRAN Package Check Results for Package ecospat

Last updated on 2021-03-04 00:47:57 CET.

Flavor Version Tinstall Tcheck Ttotal Status Flags
r-devel-linux-x86_64-debian-clang 3.2 41.36 366.18 407.54 OK
r-devel-linux-x86_64-debian-gcc 3.2 29.15 272.24 301.39 OK
r-devel-linux-x86_64-fedora-clang 3.2 474.20 NOTE
r-devel-linux-x86_64-fedora-gcc 3.2 465.88 NOTE
r-devel-windows-ix86+x86_64 3.2 93.00 480.00 573.00 OK
r-patched-linux-x86_64 3.2 26.93 340.60 367.53 OK
r-patched-solaris-x86 3.2 563.70 NOTE
r-release-linux-x86_64 3.2 25.42 339.10 364.52 OK
r-release-macos-x86_64 3.2 NOTE
r-release-windows-ix86+x86_64 3.2 93.00 487.00 580.00 OK
r-oldrel-macos-x86_64 3.2 NOTE
r-oldrel-windows-ix86+x86_64 3.2 74.00 434.00 508.00 OK

Check Details

Version: 3.2
Check: package dependencies
Result: NOTE
    Imports includes 22 non-default packages.
    Importing from so many packages makes the package vulnerable to any of
    them becoming unavailable. Move as many as possible to Suggests and
    use conditionally.
Flavor: r-devel-linux-x86_64-fedora-clang

Version: 3.2
Check: dependencies in R code
Result: NOTE
    Namespace in Imports field not imported from: ‘maps’
     All declared Imports should be used.
Flavors: r-devel-linux-x86_64-fedora-clang, r-devel-linux-x86_64-fedora-gcc, r-patched-solaris-x86, r-release-macos-x86_64, r-oldrel-macos-x86_64