Last updated on 2021-03-04 00:47:57 CET.
Flavor | Version | Tinstall | Tcheck | Ttotal | Status | Flags |
---|---|---|---|---|---|---|
r-devel-linux-x86_64-debian-clang | 1.3-3 | 14.76 | 130.17 | 144.93 | OK | |
r-devel-linux-x86_64-debian-gcc | 1.3-3 | 12.62 | 96.71 | 109.33 | OK | |
r-devel-linux-x86_64-fedora-clang | 1.3-3 | 179.10 | OK | |||
r-devel-linux-x86_64-fedora-gcc | 1.3-3 | 170.16 | OK | |||
r-devel-windows-ix86+x86_64 | 1.3-3 | 28.00 | 154.00 | 182.00 | OK | |
r-patched-linux-x86_64 | 1.3-3 | 13.96 | 121.44 | 135.40 | OK | |
r-patched-solaris-x86 | 1.3-3 | 233.10 | OK | |||
r-release-linux-x86_64 | 1.3-3 | 13.37 | 121.19 | 134.56 | OK | |
r-release-macos-x86_64 | 1.3-3 | OK | ||||
r-release-windows-ix86+x86_64 | 1.3-3 | 19.00 | 107.00 | 126.00 | OK | |
r-oldrel-macos-x86_64 | 1.3-3 | FAIL | ||||
r-oldrel-windows-ix86+x86_64 | 1.3-3 | 24.00 | 136.00 | 160.00 | OK |
Version: 1.3-3
Check: dependencies in R code
Result: FAIL
Flavor: r-oldrel-macos-x86_64