Last updated on 2021-03-04 00:47:57 CET.
Flavor | Version | Tinstall | Tcheck | Ttotal | Status | Flags |
---|---|---|---|---|---|---|
r-devel-linux-x86_64-debian-clang | 1.0.1 | 9.21 | 197.44 | 206.65 | OK | |
r-devel-linux-x86_64-debian-gcc | 1.0.1 | 7.59 | 145.38 | 152.97 | OK | |
r-devel-linux-x86_64-fedora-clang | 1.0.1 | 259.52 | NOTE | |||
r-devel-linux-x86_64-fedora-gcc | 1.0.1 | 245.56 | NOTE | |||
r-devel-windows-ix86+x86_64 | 1.0.1 | 26.00 | 347.00 | 373.00 | OK | |
r-patched-linux-x86_64 | 1.0.1 | 9.53 | 190.46 | 199.99 | OK | |
r-patched-solaris-x86 | 1.0.1 | 441.90 | NOTE | |||
r-release-linux-x86_64 | 1.0.1 | 9.19 | 189.53 | 198.72 | OK | |
r-release-macos-x86_64 | 1.0.1 | NOTE | ||||
r-release-windows-ix86+x86_64 | 1.0.1 | 19.00 | 295.00 | 314.00 | OK | |
r-oldrel-macos-x86_64 | 1.0.1 | NOTE | ||||
r-oldrel-windows-ix86+x86_64 | 1.0.1 | 22.00 | 336.00 | 358.00 | OK |
Version: 1.0.1
Check: dependencies in R code
Result: NOTE
Namespace in Imports field not imported from: ‘snow’
All declared Imports should be used.
Flavors: r-devel-linux-x86_64-fedora-clang, r-devel-linux-x86_64-fedora-gcc, r-patched-solaris-x86, r-release-macos-x86_64, r-oldrel-macos-x86_64