CRAN Package Check Results for Package electionsBR

Last updated on 2021-03-04 00:47:57 CET.

Flavor Version Tinstall Tcheck Ttotal Status Flags
r-devel-linux-x86_64-debian-clang 0.3.2 4.62 48.45 53.07 OK
r-devel-linux-x86_64-debian-gcc 0.3.2 3.98 36.40 40.38 OK
r-devel-linux-x86_64-fedora-clang 0.3.2 72.04 NOTE
r-devel-linux-x86_64-fedora-gcc 0.3.2 61.88 NOTE
r-devel-windows-ix86+x86_64 0.3.2 11.00 64.00 75.00 OK
r-patched-linux-x86_64 0.3.2 4.79 45.56 50.35 OK
r-patched-solaris-x86 0.3.2 84.40 NOTE
r-release-linux-x86_64 0.3.2 4.85 45.14 49.99 OK
r-release-macos-x86_64 0.3.2 NOTE
r-release-windows-ix86+x86_64 0.3.2 10.00 49.00 59.00 OK
r-oldrel-macos-x86_64 0.3.2 NOTE
r-oldrel-windows-ix86+x86_64 0.3.2 10.00 59.00 69.00 OK

Check Details

Version: 0.3.2
Check: dependencies in R code
Result: NOTE
    Namespace in Imports field not imported from: ‘stats’
     All declared Imports should be used.
Flavors: r-devel-linux-x86_64-fedora-clang, r-devel-linux-x86_64-fedora-gcc, r-patched-solaris-x86, r-release-macos-x86_64, r-oldrel-macos-x86_64