Last updated on 2021-03-04 00:47:57 CET.
Flavor | Version | Tinstall | Tcheck | Ttotal | Status | Flags |
---|---|---|---|---|---|---|
r-devel-linux-x86_64-debian-clang | 0.3-1 | 3.22 | 20.06 | 23.28 | NOTE | |
r-devel-linux-x86_64-debian-gcc | 0.3-1 | 2.20 | 15.69 | 17.89 | NOTE | |
r-devel-linux-x86_64-fedora-clang | 0.3-1 | 37.99 | NOTE | |||
r-devel-linux-x86_64-fedora-gcc | 0.3-1 | 27.34 | NOTE | |||
r-devel-windows-ix86+x86_64 | 0.3-1 | 9.00 | 36.00 | 45.00 | OK | |
r-patched-linux-x86_64 | 0.3-1 | 2.77 | 18.99 | 21.76 | NOTE | |
r-patched-solaris-x86 | 0.3-1 | 42.30 | NOTE | |||
r-release-linux-x86_64 | 0.3-1 | 2.77 | 19.12 | 21.89 | NOTE | |
r-release-macos-x86_64 | 0.3-1 | NOTE | ||||
r-release-windows-ix86+x86_64 | 0.3-1 | 8.00 | 30.00 | 38.00 | OK | |
r-oldrel-macos-x86_64 | 0.3-1 | NOTE | ||||
r-oldrel-windows-ix86+x86_64 | 0.3-1 | 8.00 | 48.00 | 56.00 | OK |
Version: 0.3-1
Check: DESCRIPTION meta-information
Result: NOTE
License components which are templates and need '+ file LICENSE':
MIT
Flavors: r-devel-linux-x86_64-debian-clang, r-devel-linux-x86_64-debian-gcc, r-devel-linux-x86_64-fedora-clang, r-devel-linux-x86_64-fedora-gcc, r-patched-linux-x86_64, r-patched-solaris-x86, r-release-linux-x86_64, r-release-macos-x86_64, r-oldrel-macos-x86_64
Version: 0.3-1
Check: compiled code
Result: NOTE
File ‘emdist/libs/emdist.so’:
Found no calls to: ‘R_registerRoutines’, ‘R_useDynamicSymbols’
It is good practice to register native routines and to disable symbol
search.
See ‘Writing portable packages’ in the ‘Writing R Extensions’ manual.
Flavors: r-devel-linux-x86_64-fedora-clang, r-devel-linux-x86_64-fedora-gcc