CRAN Package Check Results for Package epifitter

Last updated on 2021-03-04 00:47:57 CET.

Flavor Version Tinstall Tcheck Ttotal Status Flags
r-devel-linux-x86_64-debian-clang 0.2.0 3.84 64.40 68.24 OK
r-devel-linux-x86_64-debian-gcc 0.2.0 2.52 47.21 49.73 OK
r-devel-linux-x86_64-fedora-clang 0.2.0 87.26 NOTE
r-devel-linux-x86_64-fedora-gcc 0.2.0 77.32 NOTE
r-devel-windows-ix86+x86_64 0.2.0 8.00 81.00 89.00 OK
r-patched-linux-x86_64 0.2.0 2.96 60.20 63.16 OK
r-patched-solaris-x86 0.2.0 106.50 NOTE
r-release-linux-x86_64 0.2.0 3.25 60.57 63.82 OK
r-release-macos-x86_64 0.2.0 NOTE
r-release-windows-ix86+x86_64 0.2.0 6.00 65.00 71.00 OK
r-oldrel-macos-x86_64 0.2.0 NOTE
r-oldrel-windows-ix86+x86_64 0.2.0 6.00 79.00 85.00 OK

Check Details

Version: 0.2.0
Check: dependencies in R code
Result: NOTE
    Namespace in Imports field not imported from: ‘knitr’
     All declared Imports should be used.
Flavors: r-devel-linux-x86_64-fedora-clang, r-devel-linux-x86_64-fedora-gcc, r-patched-solaris-x86, r-release-macos-x86_64, r-oldrel-macos-x86_64