Last updated on 2021-03-04 00:47:57 CET.
Flavor | Version | Tinstall | Tcheck | Ttotal | Status | Flags |
---|---|---|---|---|---|---|
r-devel-linux-x86_64-debian-clang | 1.1.1 | 15.74 | 107.57 | 123.31 | NOTE | |
r-devel-linux-x86_64-debian-gcc | 1.1.1 | 11.31 | 82.78 | 94.09 | OK | |
r-devel-linux-x86_64-fedora-clang | 1.1.1 | 157.94 | NOTE | |||
r-devel-linux-x86_64-fedora-gcc | 1.1.1 | 146.79 | OK | |||
r-devel-windows-ix86+x86_64 | 1.1.1 | 35.00 | 166.00 | 201.00 | OK | |
r-patched-linux-x86_64 | 1.1.1 | 13.82 | 101.38 | 115.20 | OK | |
r-patched-solaris-x86 | 1.1.1 | 218.30 | NOTE | |||
r-release-linux-x86_64 | 1.1.1 | 13.90 | 100.35 | 114.25 | OK | |
r-release-macos-x86_64 | 1.1.1 | OK | ||||
r-release-windows-ix86+x86_64 | 1.1.1 | 29.00 | 123.00 | 152.00 | OK | |
r-oldrel-macos-x86_64 | 1.1.1 | OK | ||||
r-oldrel-windows-ix86+x86_64 | 1.1.1 | 30.00 | 148.00 | 178.00 | OK |
Version: 1.1.1
Check: package dependencies
Result: NOTE
Package suggested but not available for checking: 'mzR'
Flavors: r-devel-linux-x86_64-debian-clang, r-devel-linux-x86_64-fedora-clang, r-patched-solaris-x86