CRAN Package Check Results for Package expose

Last updated on 2021-03-04 00:47:57 CET.

Flavor Version Tinstall Tcheck Ttotal Status Flags
r-devel-linux-x86_64-debian-clang 0.0.3 3.36 35.11 38.47 NOTE
r-devel-linux-x86_64-debian-gcc 0.0.3 2.83 27.69 30.52 NOTE
r-devel-linux-x86_64-fedora-clang 0.0.3 57.05 NOTE
r-devel-linux-x86_64-fedora-gcc 0.0.3 46.51 NOTE
r-devel-windows-ix86+x86_64 0.0.3 8.00 52.00 60.00 NOTE
r-patched-linux-x86_64 0.0.3 3.10 34.73 37.83 NOTE
r-patched-solaris-x86 0.0.3 72.00 NOTE
r-release-linux-x86_64 0.0.3 3.37 34.68 38.05 NOTE
r-release-macos-x86_64 0.0.3 NOTE
r-release-windows-ix86+x86_64 0.0.3 7.00 39.00 46.00 NOTE
r-oldrel-macos-x86_64 0.0.3 NOTE
r-oldrel-windows-ix86+x86_64 0.0.3 6.00 51.00 57.00 OK

Check Details

Version: 0.0.3
Check: package vignettes
Result: NOTE
    Package vignette with placeholder title 'Vignette Title':
     'Vignette.Rmd'
Flavors: r-devel-linux-x86_64-debian-clang, r-devel-linux-x86_64-debian-gcc, r-devel-windows-ix86+x86_64, r-patched-linux-x86_64, r-release-linux-x86_64, r-release-windows-ix86+x86_64

Version: 0.0.3
Check: dependencies in R code
Result: NOTE
    Namespaces in Imports field not imported from:
     ‘Matrix’ ‘RColorBrewer’ ‘Rcpp’ ‘e1071’ ‘foreach’ ‘gam’ ‘ggplot2’
     ‘glmnet’ ‘nnet’ ‘polspline’ ‘repmis’ ‘splines’ ‘xgboost’
     All declared Imports should be used.
Flavors: r-devel-linux-x86_64-fedora-clang, r-devel-linux-x86_64-fedora-gcc, r-patched-solaris-x86, r-release-macos-x86_64, r-oldrel-macos-x86_64