Last updated on 2021-03-04 00:47:57 CET.
Flavor | Version | Tinstall | Tcheck | Ttotal | Status | Flags |
---|---|---|---|---|---|---|
r-devel-linux-x86_64-debian-clang | 0.17 | 2.24 | 23.06 | 25.30 | NOTE | |
r-devel-linux-x86_64-debian-gcc | 0.17 | 1.86 | 18.33 | 20.19 | NOTE | |
r-devel-linux-x86_64-fedora-clang | 0.17 | 40.33 | NOTE | |||
r-devel-linux-x86_64-fedora-gcc | 0.17 | 29.64 | NOTE | |||
r-devel-windows-ix86+x86_64 | 0.17 | 5.00 | 36.00 | 41.00 | NOTE | |
r-patched-linux-x86_64 | 0.17 | 2.57 | 22.08 | 24.65 | NOTE | |
r-patched-solaris-x86 | 0.17 | 45.60 | NOTE | |||
r-release-linux-x86_64 | 0.17 | 2.54 | 21.99 | 24.53 | NOTE | |
r-release-macos-x86_64 | 0.17 | NOTE | ||||
r-release-windows-ix86+x86_64 | 0.17 | 3.00 | 28.00 | 31.00 | NOTE | |
r-oldrel-macos-x86_64 | 0.17 | NOTE | ||||
r-oldrel-windows-ix86+x86_64 | 0.17 | 11.00 | 45.00 | 56.00 | NOTE |
Version: 0.17
Check: R code for possible problems
Result: NOTE
font_install: no visible global function definition for
'installed.packages'
font_install: no visible global function definition for
'install.packages'
fonttable_add: no visible global function definition for 'write.csv'
Undefined global functions or variables:
install.packages installed.packages write.csv
Consider adding
importFrom("utils", "install.packages", "installed.packages",
"write.csv")
to your NAMESPACE file.
Flavors: r-devel-linux-x86_64-debian-clang, r-devel-linux-x86_64-debian-gcc, r-devel-linux-x86_64-fedora-clang, r-devel-linux-x86_64-fedora-gcc, r-devel-windows-ix86+x86_64, r-patched-linux-x86_64, r-patched-solaris-x86, r-release-linux-x86_64, r-release-macos-x86_64, r-release-windows-ix86+x86_64, r-oldrel-macos-x86_64, r-oldrel-windows-ix86+x86_64