CRAN Package Check Results for Package ezplot

Last updated on 2021-03-04 00:47:57 CET.

Flavor Version Tinstall Tcheck Ttotal Status Flags
r-devel-linux-x86_64-debian-clang 0.6.6 7.19 122.02 129.21 OK
r-devel-linux-x86_64-debian-gcc 0.6.6 5.96 89.33 95.29 OK
r-devel-linux-x86_64-fedora-clang 0.6.6 161.86 NOTE
r-devel-linux-x86_64-fedora-gcc 0.6.6 145.64 NOTE
r-devel-windows-ix86+x86_64 0.6.6 17.00 157.00 174.00 OK
r-patched-linux-x86_64 0.6.6 6.65 113.64 120.29 OK
r-patched-solaris-x86 0.6.6 192.70 NOTE
r-release-linux-x86_64 0.6.6 7.51 116.85 124.36 OK
r-release-macos-x86_64 0.6.6 NOTE
r-release-windows-ix86+x86_64 0.6.6 14.00 123.00 137.00 OK
r-oldrel-macos-x86_64 0.6.6 NOTE
r-oldrel-windows-ix86+x86_64 0.6.6 14.00 156.00 170.00 OK

Check Details

Version: 0.6.6
Check: dependencies in R code
Result: NOTE
    Namespace in Imports field not imported from: ‘tsibble’
     All declared Imports should be used.
Flavors: r-devel-linux-x86_64-fedora-clang, r-devel-linux-x86_64-fedora-gcc, r-patched-solaris-x86, r-release-macos-x86_64, r-oldrel-macos-x86_64