CRAN Package Check Results for Package fastR2

Last updated on 2021-03-04 00:47:57 CET.

Flavor Version Tinstall Tcheck Ttotal Status Flags
r-devel-linux-x86_64-debian-clang 1.2.1 17.55 139.76 157.31 NOTE
r-devel-linux-x86_64-debian-gcc 1.2.1 12.56 103.18 115.74 NOTE
r-devel-linux-x86_64-fedora-clang 1.2.1 194.94 NOTE
r-devel-linux-x86_64-fedora-gcc 1.2.1 177.37 NOTE
r-devel-windows-ix86+x86_64 1.2.1 37.00 177.00 214.00 OK
r-patched-linux-x86_64 1.2.1 11.04 128.90 139.94 NOTE
r-patched-solaris-x86 1.2.1 247.30 NOTE
r-release-linux-x86_64 1.2.1 11.27 127.73 139.00 NOTE
r-release-macos-x86_64 1.2.1 OK
r-release-windows-ix86+x86_64 1.2.1 31.00 145.00 176.00 OK
r-oldrel-macos-x86_64 1.2.1 OK
r-oldrel-windows-ix86+x86_64 1.2.1 33.00 176.00 209.00 OK

Check Details

Version: 1.2.1
Check: package dependencies
Result: NOTE
    Package suggested but not available for checking: 'alr3'
Flavors: r-devel-linux-x86_64-debian-clang, r-devel-linux-x86_64-debian-gcc, r-devel-linux-x86_64-fedora-clang, r-devel-linux-x86_64-fedora-gcc, r-patched-linux-x86_64, r-patched-solaris-x86, r-release-linux-x86_64