CRAN Package Check Results for Package fdasrvf

Last updated on 2021-03-04 00:47:58 CET.

Flavor Version Tinstall Tcheck Ttotal Status Flags
r-devel-linux-x86_64-debian-clang 1.9.4 100.74 189.25 289.99 OK
r-devel-linux-x86_64-debian-gcc 1.9.4 62.30 141.38 203.68 OK
r-devel-linux-x86_64-fedora-clang 1.9.4 370.28 NOTE
r-devel-linux-x86_64-fedora-gcc 1.9.4 339.97 OK
r-devel-windows-ix86+x86_64 1.9.4 205.00 346.00 551.00 NOTE
r-patched-linux-x86_64 1.9.4 76.69 177.25 253.94 OK
r-patched-solaris-x86 1.9.4 412.80 OK
r-release-linux-x86_64 1.9.4 77.42 178.43 255.85 OK
r-release-macos-x86_64 1.9.4 NOTE
r-release-windows-ix86+x86_64 1.9.4 153.00 263.00 416.00 NOTE
r-oldrel-macos-x86_64 1.9.4 WARN
r-oldrel-windows-ix86+x86_64 1.9.4 193.00 332.00 525.00 OK

Check Details

Version: 1.9.4
Check: installed package size
Result: NOTE
     installed size is 6.2Mb
     sub-directories of 1Mb or more:
     data 2.3Mb
     libs 3.4Mb
Flavors: r-devel-linux-x86_64-fedora-clang, r-devel-windows-ix86+x86_64, r-release-macos-x86_64, r-release-windows-ix86+x86_64, r-oldrel-macos-x86_64

Version: 1.9.4
Check: whether package can be installed
Result: WARN
    Found the following significant warnings:
     Warning: 'rgl.init' failed, running with 'rgl.useNULL = TRUE'.
Flavor: r-oldrel-macos-x86_64