CRAN Package Check Results for Package feasts

Last updated on 2021-03-04 00:47:58 CET.

Flavor Version Tinstall Tcheck Ttotal Status Flags
r-devel-linux-x86_64-debian-clang 0.1.7 11.29 136.47 147.76 OK
r-devel-linux-x86_64-debian-gcc 0.1.7 9.07 98.56 107.63 OK
r-devel-linux-x86_64-fedora-clang 0.1.7 176.11 NOTE
r-devel-linux-x86_64-fedora-gcc 0.1.7 166.77 NOTE
r-devel-windows-ix86+x86_64 0.1.7 23.00 169.00 192.00 OK
r-patched-linux-x86_64 0.1.7 10.83 130.81 141.64 OK
r-patched-solaris-x86 0.1.7 219.00 NOTE
r-release-linux-x86_64 0.1.7 9.12 130.25 139.37 OK
r-release-macos-x86_64 0.1.7 NOTE
r-release-windows-ix86+x86_64 0.1.7 18.00 137.00 155.00 OK
r-oldrel-macos-x86_64 0.1.7 NOTE
r-oldrel-windows-ix86+x86_64 0.1.7 20.00 166.00 186.00 OK

Check Details

Version: 0.1.7
Check: dependencies in R code
Result: NOTE
    Namespace in Imports field not imported from: ‘scales’
     All declared Imports should be used.
Flavors: r-devel-linux-x86_64-fedora-clang, r-devel-linux-x86_64-fedora-gcc, r-patched-solaris-x86, r-release-macos-x86_64, r-oldrel-macos-x86_64