CRAN Package Check Results for Package fechner

Last updated on 2021-03-04 00:47:58 CET.

Flavor Version Tinstall Tcheck Ttotal Status Flags
r-devel-linux-x86_64-debian-clang 1.0-3 3.58 32.49 36.07 OK
r-devel-linux-x86_64-debian-gcc 1.0-3 2.23 25.11 27.34 OK
r-devel-linux-x86_64-fedora-clang 1.0-3 52.93 NOTE
r-devel-linux-x86_64-fedora-gcc 1.0-3 42.26 NOTE
r-devel-windows-ix86+x86_64 1.0-3 9.00 52.00 61.00 OK
r-patched-linux-x86_64 1.0-3 3.21 31.91 35.12 OK
r-patched-solaris-x86 1.0-3 59.80 OK
r-release-linux-x86_64 1.0-3 3.10 31.75 34.85 OK
r-release-macos-x86_64 1.0-3 OK
r-release-windows-ix86+x86_64 1.0-3 8.00 40.00 48.00 OK
r-oldrel-macos-x86_64 1.0-3 OK
r-oldrel-windows-ix86+x86_64 1.0-3 7.00 56.00 63.00 OK

Check Details

Version: 1.0-3
Check: compiled code
Result: NOTE
    File ‘fechner/libs/fechner.so’:
     Found no calls to: ‘R_registerRoutines’, ‘R_useDynamicSymbols’
    
    It is good practice to register native routines and to disable symbol
    search.
    
    See ‘Writing portable packages’ in the ‘Writing R Extensions’ manual.
Flavors: r-devel-linux-x86_64-fedora-clang, r-devel-linux-x86_64-fedora-gcc