Last updated on 2021-03-04 00:47:58 CET.
Flavor | Version | Tinstall | Tcheck | Ttotal | Status | Flags |
---|---|---|---|---|---|---|
r-devel-linux-x86_64-debian-clang | 1.0 | 49.66 | 99.01 | 148.67 | OK | |
r-devel-linux-x86_64-debian-gcc | 1.0 | 32.28 | 74.82 | 107.10 | OK | |
r-devel-linux-x86_64-fedora-clang | 1.0 | 201.52 | NOTE | |||
r-devel-linux-x86_64-fedora-gcc | 1.0 | 174.23 | NOTE | |||
r-devel-windows-ix86+x86_64 | 1.0 | 120.00 | 173.00 | 293.00 | OK | |
r-patched-linux-x86_64 | 1.0 | 32.88 | 90.78 | 123.66 | OK | |
r-patched-solaris-x86 | 1.0 | 231.70 | OK | |||
r-release-linux-x86_64 | 1.0 | 31.23 | 91.13 | 122.36 | OK | |
r-release-macos-x86_64 | 1.0 | OK | ||||
r-release-windows-ix86+x86_64 | 1.0 | 87.00 | 128.00 | 215.00 | OK | |
r-oldrel-macos-x86_64 | 1.0 | OK | ||||
r-oldrel-windows-ix86+x86_64 | 1.0 | 102.00 | 158.00 | 260.00 | OK |
Version: 1.0
Check: compiled code
Result: NOTE
File ‘flars/libs/flars.so’:
Found no calls to: ‘R_registerRoutines’, ‘R_useDynamicSymbols’
It is good practice to register native routines and to disable symbol
search.
See ‘Writing portable packages’ in the ‘Writing R Extensions’ manual.
Flavors: r-devel-linux-x86_64-fedora-clang, r-devel-linux-x86_64-fedora-gcc