CRAN Package Check Results for Package foieGras

Last updated on 2021-03-04 00:47:58 CET.

Flavor Version Tinstall Tcheck Ttotal Status Flags
r-devel-linux-x86_64-debian-clang 0.6-9 146.89 249.46 396.35 OK
r-devel-linux-x86_64-debian-gcc 0.6-9 114.62 184.56 299.18 OK
r-devel-linux-x86_64-fedora-clang 0.6-9 511.40 NOTE
r-devel-linux-x86_64-fedora-gcc 0.6-9 480.86 OK
r-devel-windows-ix86+x86_64 0.6-9 267.00 469.00 736.00 NOTE
r-patched-linux-x86_64 0.6-9 103.43 231.71 335.14 OK
r-patched-solaris-x86 0.6-9 561.60 OK
r-release-linux-x86_64 0.6-9 100.64 234.20 334.84 OK
r-release-macos-x86_64 0.6-9 NOTE
r-release-windows-ix86+x86_64 0.6-9 191.00 337.00 528.00 NOTE
r-oldrel-macos-x86_64 0.6-9 NOTE
r-oldrel-windows-ix86+x86_64 0.6-9 260.00 434.00 694.00 NOTE

Check Details

Version: 0.6-9
Check: installed package size
Result: NOTE
     installed size is 35.8Mb
     sub-directories of 1Mb or more:
     libs 34.6Mb
Flavors: r-devel-linux-x86_64-fedora-clang, r-devel-windows-ix86+x86_64, r-release-macos-x86_64, r-release-windows-ix86+x86_64, r-oldrel-macos-x86_64, r-oldrel-windows-ix86+x86_64