Last updated on 2021-03-04 00:47:58 CET.
Flavor | Version | Tinstall | Tcheck | Ttotal | Status | Flags |
---|---|---|---|---|---|---|
r-devel-linux-x86_64-debian-clang | 1.5.0 | 62.94 | 44.23 | 107.17 | NOTE | |
r-devel-linux-x86_64-debian-gcc | 1.5.0 | 42.81 | 38.83 | 81.64 | NOTE | |
r-devel-linux-x86_64-fedora-clang | 1.5.0 | 159.49 | NOTE | |||
r-devel-linux-x86_64-fedora-gcc | 1.5.0 | 152.15 | NOTE | |||
r-devel-windows-ix86+x86_64 | 1.5.0 | 151.00 | 93.00 | 244.00 | NOTE | |
r-patched-linux-x86_64 | 1.5.0 | 49.31 | 48.39 | 97.70 | NOTE | |
r-patched-solaris-x86 | 1.5.0 | 141.00 | NOTE | |||
r-release-linux-x86_64 | 1.5.0 | 48.69 | 48.62 | 97.31 | NOTE | |
r-release-macos-x86_64 | 1.5.0 | NOTE | ||||
r-release-windows-ix86+x86_64 | 1.5.0 | 149.00 | 67.00 | 216.00 | NOTE | |
r-oldrel-macos-x86_64 | 1.5.0 | NOTE | ||||
r-oldrel-windows-ix86+x86_64 | 1.5.0 | 132.00 | 85.00 | 217.00 | NOTE |
Version: 1.5.0
Check: for GNU extensions in Makefiles
Result: NOTE
GNU make is a SystemRequirements.
Flavors: r-devel-linux-x86_64-debian-clang, r-devel-linux-x86_64-debian-gcc, r-devel-linux-x86_64-fedora-clang, r-devel-linux-x86_64-fedora-gcc, r-devel-windows-ix86+x86_64, r-patched-linux-x86_64, r-patched-solaris-x86, r-release-linux-x86_64, r-release-macos-x86_64, r-release-windows-ix86+x86_64, r-oldrel-macos-x86_64, r-oldrel-windows-ix86+x86_64