CRAN Package Check Results for Package functional

Last updated on 2021-03-04 00:47:58 CET.

Flavor Version Tinstall Tcheck Ttotal Status Flags
r-devel-linux-x86_64-debian-clang 0.6 1.55 20.89 22.44 NOTE
r-devel-linux-x86_64-debian-gcc 0.6 1.27 16.12 17.39 NOTE
r-devel-linux-x86_64-fedora-clang 0.6 37.23 NOTE
r-devel-linux-x86_64-fedora-gcc 0.6 26.67 NOTE
r-devel-windows-ix86+x86_64 0.6 4.00 32.00 36.00 NOTE
r-patched-linux-x86_64 0.6 1.83 19.83 21.66 NOTE
r-patched-solaris-x86 0.6 40.60 NOTE
r-release-linux-x86_64 0.6 1.83 19.86 21.69 NOTE
r-release-macos-x86_64 0.6 NOTE
r-release-windows-ix86+x86_64 0.6 3.00 25.00 28.00 NOTE
r-oldrel-macos-x86_64 0.6 NOTE
r-oldrel-windows-ix86+x86_64 0.6 3.00 43.00 46.00 NOTE

Check Details

Version: 0.6
Check: DESCRIPTION meta-information
Result: NOTE
    Malformed Description field: should contain one or more complete sentences.
Flavors: r-devel-linux-x86_64-debian-clang, r-devel-linux-x86_64-debian-gcc, r-devel-linux-x86_64-fedora-clang, r-devel-linux-x86_64-fedora-gcc, r-devel-windows-ix86+x86_64, r-patched-linux-x86_64, r-patched-solaris-x86, r-release-linux-x86_64, r-release-macos-x86_64, r-release-windows-ix86+x86_64, r-oldrel-macos-x86_64, r-oldrel-windows-ix86+x86_64