CRAN Package Check Results for Package future

Last updated on 2021-03-04 00:47:58 CET.

Flavor Version Tinstall Tcheck Ttotal Status Flags
r-devel-linux-x86_64-debian-clang 1.21.0 9.17 203.73 212.90 OK
r-devel-linux-x86_64-debian-gcc 1.21.0 6.66 154.58 161.24 OK
r-devel-linux-x86_64-fedora-clang 1.21.0 262.83 OK
r-devel-linux-x86_64-fedora-gcc 1.21.0 273.98 OK
r-devel-windows-ix86+x86_64 1.21.0 14.00 351.00 365.00 OK
r-patched-linux-x86_64 1.21.0 8.40 203.79 212.19 OK
r-patched-solaris-x86 1.21.0 121.30 OK --no-tests
r-release-linux-x86_64 1.21.0 7.36 205.04 212.40 OK
r-release-macos-x86_64 1.21.0 OK
r-release-windows-ix86+x86_64 1.21.0 10.00 285.00 295.00 OK
r-oldrel-macos-x86_64 1.21.0 NOTE
r-oldrel-windows-ix86+x86_64 1.21.0 22.00 392.00 414.00 NOTE

Additional issues

M1mac

Check Details

Version: 1.21.0
Check: R code for possible problems
Result: NOTE
    getExpression.ClusterFuture: Error while checking: no local variable
     entry
    getExpression.Future: Error while checking: no local variable entry
    getExpression.MulticoreFuture: Error while checking: no local variable
     entry
    getExpression.UniprocessFuture: no visible global function definition
     for ‘.’
    makeExpression: no visible global function definition for ‘.’
    makeExpression: Error while checking: no local variable entry
    tweak.future: no visible global function definition for ‘..’
    Undefined global functions or variables:
     . ..
Flavors: r-oldrel-macos-x86_64, r-oldrel-windows-ix86+x86_64