Last updated on 2021-03-04 00:47:58 CET.
Flavor | Version | Tinstall | Tcheck | Ttotal | Status | Flags |
---|---|---|---|---|---|---|
r-devel-linux-x86_64-debian-clang | 0.9.6-1 | 27.79 | 136.20 | 163.99 | OK | |
r-devel-linux-x86_64-debian-gcc | 0.9.6-1 | 19.55 | 101.23 | 120.78 | OK | |
r-devel-linux-x86_64-fedora-clang | 0.9.6-1 | 206.52 | OK | |||
r-devel-linux-x86_64-fedora-gcc | 0.9.6-1 | 189.20 | OK | |||
r-devel-windows-ix86+x86_64 | 0.9.6-1 | 68.00 | 244.00 | 312.00 | OK | |
r-patched-linux-x86_64 | 0.9.6-1 | 23.35 | 123.77 | 147.12 | OK | |
r-patched-solaris-x86 | 0.9.6-1 | 262.20 | OK | |||
r-release-linux-x86_64 | 0.9.6-1 | 22.11 | 123.22 | 145.33 | OK | |
r-release-macos-x86_64 | 0.9.6-1 | NOTE | ||||
r-release-windows-ix86+x86_64 | 0.9.6-1 | 51.00 | 179.00 | 230.00 | OK | |
r-oldrel-macos-x86_64 | 0.9.6-1 | NOTE | ||||
r-oldrel-windows-ix86+x86_64 | 0.9.6-1 | 60.00 | 218.00 | 278.00 | OK |
Version: 0.9.6-1
Check: package dependencies
Result: NOTE
Package which this enhances but not available for checking: ‘doMPI’
Flavors: r-release-macos-x86_64, r-oldrel-macos-x86_64