Last updated on 2021-03-04 00:47:58 CET.
Flavor | Version | Tinstall | Tcheck | Ttotal | Status | Flags |
---|---|---|---|---|---|---|
r-devel-linux-x86_64-debian-clang | 1.0.12 | 5.13 | 314.28 | 319.41 | OK | |
r-devel-linux-x86_64-debian-gcc | 1.0.12 | 3.62 | 225.40 | 229.02 | OK | |
r-devel-linux-x86_64-fedora-clang | 1.0.12 | 361.27 | NOTE | |||
r-devel-linux-x86_64-fedora-gcc | 1.0.12 | 360.87 | NOTE | |||
r-devel-windows-ix86+x86_64 | 1.0.12 | 12.00 | 369.00 | 381.00 | OK | |
r-patched-linux-x86_64 | 1.0.12 | 4.48 | 304.60 | 309.08 | OK | |
r-patched-solaris-x86 | 1.0.12 | 418.10 | NOTE | |||
r-release-linux-x86_64 | 1.0.12 | 4.53 | 304.86 | 309.39 | OK | |
r-release-macos-x86_64 | 1.0.12 | NOTE | ||||
r-release-windows-ix86+x86_64 | 1.0.12 | 9.00 | 273.00 | 282.00 | OK | |
r-oldrel-macos-x86_64 | 1.0.12 | NOTE | ||||
r-oldrel-windows-ix86+x86_64 | 1.0.12 | 10.00 | 375.00 | 385.00 | OK |
Version: 1.0.12
Check: dependencies in R code
Result: NOTE
Namespace in Imports field not imported from: ‘rootSolve’
All declared Imports should be used.
Flavors: r-devel-linux-x86_64-fedora-clang, r-devel-linux-x86_64-fedora-gcc, r-patched-solaris-x86, r-release-macos-x86_64, r-oldrel-macos-x86_64