Last updated on 2021-03-04 00:47:58 CET.
Flavor | Version | Tinstall | Tcheck | Ttotal | Status | Flags |
---|---|---|---|---|---|---|
r-devel-linux-x86_64-debian-clang | 2.0.7 | 44.84 | 152.68 | 197.52 | OK | |
r-devel-linux-x86_64-debian-gcc | 2.0.7 | 33.04 | 113.94 | 146.98 | OK | |
r-devel-linux-x86_64-fedora-clang | 2.0.7 | 253.30 | NOTE | |||
r-devel-linux-x86_64-fedora-gcc | 2.0.7 | 250.40 | OK | |||
r-devel-windows-ix86+x86_64 | 2.0.7 | 98.00 | 229.00 | 327.00 | OK | |
r-patched-linux-x86_64 | 2.0.7 | 38.96 | 139.62 | 178.58 | OK | |
r-patched-solaris-x86 | 2.0.7 | 275.40 | OK | |||
r-release-linux-x86_64 | 2.0.7 | 40.89 | 139.32 | 180.21 | OK | |
r-release-macos-x86_64 | 2.0.7 | OK | ||||
r-release-windows-ix86+x86_64 | 2.0.7 | 69.00 | 173.00 | 242.00 | OK | |
r-oldrel-macos-x86_64 | 2.0.7 | OK | ||||
r-oldrel-windows-ix86+x86_64 | 2.0.7 | 86.00 | 213.00 | 299.00 | OK |
Version: 2.0.7
Check: Rd cross-references
Result: NOTE
Undeclared package ‘TreeSim’ in Rd xrefs
Flavor: r-devel-linux-x86_64-fedora-clang