CRAN Package Check Results for Package genSurv

Last updated on 2021-03-04 00:47:58 CET.

Flavor Version Tinstall Tcheck Ttotal Status Flags
r-devel-linux-x86_64-debian-clang 1.0.3 3.26 30.51 33.77 OK
r-devel-linux-x86_64-debian-gcc 1.0.3 2.72 23.53 26.25 OK
r-devel-linux-x86_64-fedora-clang 1.0.3 50.29 NOTE
r-devel-linux-x86_64-fedora-gcc 1.0.3 40.30 NOTE
r-devel-windows-ix86+x86_64 1.0.3 9.00 58.00 67.00 OK
r-patched-linux-x86_64 1.0.3 3.59 29.03 32.62 OK
r-patched-solaris-x86 1.0.3 58.10 OK
r-release-linux-x86_64 1.0.3 3.19 28.77 31.96 OK
r-release-macos-x86_64 1.0.3 OK
r-release-windows-ix86+x86_64 1.0.3 8.00 61.00 69.00 OK
r-oldrel-macos-x86_64 1.0.3 OK
r-oldrel-windows-ix86+x86_64 1.0.3 43.00 59.00 102.00 OK

Check Details

Version: 1.0.3
Check: compiled code
Result: NOTE
    File ‘genSurv/libs/genSurv.so’:
     Found no calls to: ‘R_registerRoutines’, ‘R_useDynamicSymbols’
    
    It is good practice to register native routines and to disable symbol
    search.
    
    See ‘Writing portable packages’ in the ‘Writing R Extensions’ manual.
Flavors: r-devel-linux-x86_64-fedora-clang, r-devel-linux-x86_64-fedora-gcc