Last updated on 2021-03-04 00:47:59 CET.
Flavor | Version | Tinstall | Tcheck | Ttotal | Status | Flags |
---|---|---|---|---|---|---|
r-devel-linux-x86_64-debian-clang | 0.2.0 | 108.26 | 29.98 | 138.24 | OK | |
r-devel-linux-x86_64-debian-gcc | 0.2.0 | 75.83 | 23.53 | 99.36 | OK | |
r-devel-linux-x86_64-fedora-clang | 0.2.0 | 208.02 | NOTE | |||
r-devel-linux-x86_64-fedora-gcc | 0.2.0 | 180.73 | OK | |||
r-devel-windows-ix86+x86_64 | 0.2.0 | 244.00 | 73.00 | 317.00 | OK | |
r-patched-linux-x86_64 | 0.2.0 | 87.44 | 28.56 | 116.00 | OK | |
r-patched-solaris-x86 | 0.2.0 | 172.90 | OK | |||
r-release-linux-x86_64 | 0.2.0 | 90.35 | 28.97 | 119.32 | OK | |
r-release-macos-x86_64 | 0.2.0 | OK | ||||
r-release-windows-ix86+x86_64 | 0.2.0 | 239.00 | 58.00 | 297.00 | OK | |
r-oldrel-macos-x86_64 | 0.2.0 | OK | ||||
r-oldrel-windows-ix86+x86_64 | 0.2.0 | 204.00 | 70.00 | 274.00 | OK |
Version: 0.2.0
Check: installed package size
Result: NOTE
installed size is 7.4Mb
sub-directories of 1Mb or more:
libs 6.9Mb
Flavor: r-devel-linux-x86_64-fedora-clang