Last updated on 2021-03-04 00:47:59 CET.
Flavor | Version | Tinstall | Tcheck | Ttotal | Status | Flags |
---|---|---|---|---|---|---|
r-devel-linux-x86_64-debian-clang | 0.2.3 | 5.55 | 51.13 | 56.68 | OK | |
r-devel-linux-x86_64-debian-gcc | 0.2.3 | 4.56 | 38.77 | 43.33 | OK | |
r-devel-linux-x86_64-fedora-clang | 0.2.3 | 74.85 | NOTE | |||
r-devel-linux-x86_64-fedora-gcc | 0.2.3 | 64.47 | NOTE | |||
r-devel-windows-ix86+x86_64 | 0.2.3 | 15.00 | 68.00 | 83.00 | OK | |
r-patched-linux-x86_64 | 0.2.3 | 5.50 | 48.01 | 53.51 | OK | |
r-patched-solaris-x86 | 0.2.3 | 101.10 | NOTE | |||
r-release-linux-x86_64 | 0.2.3 | 4.94 | 48.78 | 53.72 | OK | |
r-release-macos-x86_64 | 0.2.3 | NOTE | ||||
r-release-windows-ix86+x86_64 | 0.2.3 | 11.00 | 51.00 | 62.00 | OK | |
r-oldrel-macos-x86_64 | 0.2.3 | NOTE | ||||
r-oldrel-windows-ix86+x86_64 | 0.2.3 | 12.00 | 66.00 | 78.00 | OK |
Version: 0.2.3
Check: dependencies in R code
Result: NOTE
Namespace in Imports field not imported from: ‘testthat’
All declared Imports should be used.
Flavors: r-devel-linux-x86_64-fedora-clang, r-devel-linux-x86_64-fedora-gcc, r-patched-solaris-x86, r-release-macos-x86_64, r-oldrel-macos-x86_64
Version: 0.2.3
Check: data for non-ASCII characters
Result: NOTE
Note: found 59 marked Latin-1 strings
Note: found 24 marked UTF-8 strings
Flavors: r-devel-linux-x86_64-fedora-clang, r-devel-linux-x86_64-fedora-gcc, r-patched-solaris-x86, r-release-macos-x86_64, r-oldrel-macos-x86_64