CRAN Package Check Results for Package ggExtra

Last updated on 2021-03-04 00:47:59 CET.

Flavor Version Tinstall Tcheck Ttotal Status Flags
r-devel-linux-x86_64-debian-clang 0.9 6.55 50.33 56.88 OK
r-devel-linux-x86_64-debian-gcc 0.9 4.78 38.67 43.45 OK
r-devel-linux-x86_64-fedora-clang 0.9 75.27 NOTE
r-devel-linux-x86_64-fedora-gcc 0.9 65.21 NOTE
r-devel-windows-ix86+x86_64 0.9 12.00 81.00 93.00 OK
r-patched-linux-x86_64 0.9 6.51 47.49 54.00 OK
r-patched-solaris-x86 0.9 96.60 NOTE
r-release-linux-x86_64 0.9 5.77 47.52 53.29 OK
r-release-macos-x86_64 0.9 NOTE
r-release-windows-ix86+x86_64 0.9 10.00 56.00 66.00 OK
r-oldrel-macos-x86_64 0.9 NOTE
r-oldrel-windows-ix86+x86_64 0.9 9.00 77.00 86.00 OK

Check Details

Version: 0.9
Check: dependencies in R code
Result: NOTE
    Namespaces in Imports field not imported from:
     ‘R6’ ‘grDevices’ ‘scales’ ‘utils’
     All declared Imports should be used.
Flavors: r-devel-linux-x86_64-fedora-clang, r-devel-linux-x86_64-fedora-gcc, r-patched-solaris-x86, r-release-macos-x86_64, r-oldrel-macos-x86_64