CRAN Package Check Results for Package ggenealogy

Last updated on 2021-03-04 00:47:59 CET.

Flavor Version Tinstall Tcheck Ttotal Status Flags
r-devel-linux-x86_64-debian-clang 1.0.1 3.86 181.49 185.35 OK
r-devel-linux-x86_64-debian-gcc 1.0.1 3.41 137.39 140.80 OK
r-devel-linux-x86_64-fedora-clang 1.0.1 221.94 NOTE
r-devel-linux-x86_64-fedora-gcc 1.0.1 216.17 NOTE
r-devel-windows-ix86+x86_64 1.0.1 9.00 223.00 232.00 OK
r-patched-linux-x86_64 1.0.1 4.03 173.41 177.44 OK
r-patched-solaris-x86 1.0.1 279.60 NOTE
r-release-linux-x86_64 1.0.1 3.89 175.42 179.31 OK
r-release-macos-x86_64 1.0.1 NOTE
r-release-windows-ix86+x86_64 1.0.1 6.00 179.00 185.00 OK
r-oldrel-macos-x86_64 1.0.1 NOTE
r-oldrel-windows-ix86+x86_64 1.0.1 6.00 225.00 231.00 OK

Check Details

Version: 1.0.1
Check: dependencies in R code
Result: NOTE
    Namespace in Imports field not imported from: ‘tibble’
     All declared Imports should be used.
Flavors: r-devel-linux-x86_64-fedora-clang, r-devel-linux-x86_64-fedora-gcc, r-patched-solaris-x86, r-release-macos-x86_64, r-oldrel-macos-x86_64

Version: 1.0.1
Check: data for non-ASCII characters
Result: NOTE
     Note: found 2356 marked UTF-8 strings
Flavors: r-devel-linux-x86_64-fedora-clang, r-devel-linux-x86_64-fedora-gcc, r-patched-solaris-x86, r-release-macos-x86_64, r-oldrel-macos-x86_64