CRAN Package Check Results for Package ggraph

Last updated on 2021-03-04 00:47:59 CET.

Flavor Version Tinstall Tcheck Ttotal Status Flags
r-devel-linux-x86_64-debian-clang 2.0.5 91.21 213.12 304.33 OK
r-devel-linux-x86_64-debian-gcc 2.0.5 56.75 156.99 213.74 OK
r-devel-linux-x86_64-fedora-clang 2.0.5 384.79 NOTE
r-devel-linux-x86_64-fedora-gcc 2.0.5 351.55 OK
r-devel-windows-ix86+x86_64 2.0.5 194.00 376.00 570.00 NOTE
r-patched-linux-x86_64 2.0.5 67.13 200.03 267.16 OK
r-patched-solaris-x86 2.0.5 440.50 NOTE
r-release-linux-x86_64 2.0.5 70.69 200.46 271.15 OK
r-release-macos-x86_64 2.0.5 NOTE
r-release-windows-ix86+x86_64 2.0.5 193.00 374.00 567.00 NOTE
r-oldrel-macos-x86_64 2.0.5 NOTE
r-oldrel-windows-ix86+x86_64 2.0.5 130.00 298.00 428.00 NOTE

Check Details

Version: 2.0.5
Check: installed package size
Result: NOTE
     installed size is 8.0Mb
     sub-directories of 1Mb or more:
     doc 3.6Mb
     libs 3.1Mb
Flavors: r-devel-linux-x86_64-fedora-clang, r-devel-windows-ix86+x86_64, r-patched-solaris-x86, r-release-macos-x86_64, r-release-windows-ix86+x86_64, r-oldrel-macos-x86_64, r-oldrel-windows-ix86+x86_64