Last updated on 2021-03-04 00:47:59 CET.
Flavor | Version | Tinstall | Tcheck | Ttotal | Status | Flags |
---|---|---|---|---|---|---|
r-devel-linux-x86_64-debian-clang | 0.7.0 | 23.42 | 216.70 | 240.12 | OK | |
r-devel-linux-x86_64-debian-gcc | 0.7.0 | 16.95 | 160.54 | 177.49 | OK | |
r-devel-linux-x86_64-fedora-clang | 0.7.0 | 288.23 | OK | |||
r-devel-linux-x86_64-fedora-gcc | 0.7.0 | 275.92 | OK | |||
r-devel-windows-ix86+x86_64 | 0.7.0 | 52.00 | 244.00 | 296.00 | OK | |
r-patched-linux-x86_64 | 0.7.0 | 16.43 | 202.81 | 219.24 | OK | |
r-patched-solaris-x86 | 0.7.0 | 405.90 | OK | |||
r-release-linux-x86_64 | 0.7.0 | 15.95 | 202.50 | 218.45 | OK | |
r-release-macos-x86_64 | 0.7.0 | ERROR | ||||
r-release-windows-ix86+x86_64 | 0.7.0 | 50.00 | 246.00 | 296.00 | OK | |
r-oldrel-macos-x86_64 | 0.7.0 | OK | ||||
r-oldrel-windows-ix86+x86_64 | 0.7.0 | 43.00 | 223.00 | 266.00 | OK |
Version: 0.7.0
Check: package dependencies
Result: ERROR
Packages required and available but unsuitable versions:
'correlation', 'pairwiseComparisons', 'parameters',
'statsExpressions'
See section ‘The DESCRIPTION file’ in the ‘Writing R Extensions’
manual.
Flavor: r-release-macos-x86_64