CRAN Package Check Results for Package gitear

Last updated on 2021-03-04 00:47:59 CET.

Flavor Version Tinstall Tcheck Ttotal Status Flags
r-devel-linux-x86_64-debian-clang 1.0.0 5.58 53.12 58.70 OK
r-devel-linux-x86_64-debian-gcc 1.0.0 4.14 40.31 44.45 OK
r-devel-linux-x86_64-fedora-clang 1.0.0 80.57 NOTE
r-devel-linux-x86_64-fedora-gcc 1.0.0 67.76 NOTE
r-devel-windows-ix86+x86_64 1.0.0 13.00 74.00 87.00 OK
r-patched-linux-x86_64 1.0.0 5.60 49.92 55.52 OK
r-patched-solaris-x86 1.0.0 97.10 NOTE
r-release-linux-x86_64 1.0.0 5.20 50.39 55.59 OK
r-release-macos-x86_64 1.0.0 NOTE
r-release-windows-ix86+x86_64 1.0.0 10.00 56.00 66.00 OK
r-oldrel-macos-x86_64 1.0.0 NOTE
r-oldrel-windows-ix86+x86_64 1.0.0 10.00 74.00 84.00 OK

Check Details

Version: 1.0.0
Check: dependencies in R code
Result: NOTE
    Namespaces in Imports field not imported from:
     ‘Rcpp’ ‘mockery’
     All declared Imports should be used.
Flavors: r-devel-linux-x86_64-fedora-clang, r-devel-linux-x86_64-fedora-gcc, r-patched-solaris-x86, r-release-macos-x86_64, r-oldrel-macos-x86_64