CRAN Package Check Results for Package gitgadget

Last updated on 2021-03-04 00:47:59 CET.

Flavor Version Tinstall Tcheck Ttotal Status Flags
r-devel-linux-x86_64-debian-clang 0.6.0 6.58 55.86 62.44 OK
r-devel-linux-x86_64-debian-gcc 0.6.0 5.59 41.81 47.40 OK
r-devel-linux-x86_64-fedora-clang 0.6.0 86.36 NOTE
r-devel-linux-x86_64-fedora-gcc 0.6.0 73.85 NOTE
r-devel-windows-ix86+x86_64 0.6.0 18.00 76.00 94.00 OK
r-patched-linux-x86_64 0.6.0 6.45 51.76 58.21 OK
r-patched-solaris-x86 0.6.0 104.60 NOTE
r-release-linux-x86_64 0.6.0 6.29 51.28 57.57 OK
r-release-macos-x86_64 0.6.0 NOTE
r-release-windows-ix86+x86_64 0.6.0 14.00 63.00 77.00 OK
r-oldrel-macos-x86_64 0.6.0 NOTE
r-oldrel-windows-ix86+x86_64 0.6.0 15.00 75.00 90.00 OK

Check Details

Version: 0.6.0
Check: dependencies in R code
Result: NOTE
    Namespace in Imports field not imported from: ‘shinyFiles’
     All declared Imports should be used.
Flavors: r-devel-linux-x86_64-fedora-clang, r-devel-linux-x86_64-fedora-gcc, r-patched-solaris-x86, r-release-macos-x86_64, r-oldrel-macos-x86_64