CRAN Package Check Results for Package githubinstall

Last updated on 2021-03-04 00:47:59 CET.

Flavor Version Tinstall Tcheck Ttotal Status Flags
r-devel-linux-x86_64-debian-clang 0.2.2 7.37 68.83 76.20 OK
r-devel-linux-x86_64-debian-gcc 0.2.2 5.53 49.94 55.47 OK
r-devel-linux-x86_64-fedora-clang 0.2.2 98.72 NOTE
r-devel-linux-x86_64-fedora-gcc 0.2.2 87.09 NOTE
r-devel-windows-ix86+x86_64 0.2.2 17.00 91.00 108.00 OK
r-patched-linux-x86_64 0.2.2 6.02 61.64 67.66 OK
r-patched-solaris-x86 0.2.2 130.50 NOTE
r-release-linux-x86_64 0.2.2 6.12 61.75 67.87 OK
r-release-macos-x86_64 0.2.2 NOTE
r-release-windows-ix86+x86_64 0.2.2 11.00 69.00 80.00 OK
r-oldrel-macos-x86_64 0.2.2 NOTE
r-oldrel-windows-ix86+x86_64 0.2.2 13.00 87.00 100.00 OK

Check Details

Version: 0.2.2
Check: dependencies in R code
Result: NOTE
    Namespace in Imports field not imported from: ‘mockery’
     All declared Imports should be used.
Flavors: r-devel-linux-x86_64-fedora-clang, r-devel-linux-x86_64-fedora-gcc, r-patched-solaris-x86, r-release-macos-x86_64, r-oldrel-macos-x86_64