Last updated on 2021-03-04 00:47:59 CET.
Flavor | Version | Tinstall | Tcheck | Ttotal | Status | Flags |
---|---|---|---|---|---|---|
r-devel-linux-x86_64-debian-clang | 0.81.0 | 61.63 | 45.60 | 107.23 | OK | |
r-devel-linux-x86_64-debian-gcc | 0.81.0 | 35.75 | 34.73 | 70.48 | OK | |
r-devel-linux-x86_64-fedora-clang | 0.81.0 | 178.47 | OK | |||
r-devel-linux-x86_64-fedora-gcc | 0.81.0 | 127.41 | OK | |||
r-devel-windows-ix86+x86_64 | 0.81.0 | 148.00 | 90.00 | 238.00 | OK | |
r-patched-linux-x86_64 | 0.81.0 | 46.83 | 43.96 | 90.79 | OK | |
r-patched-solaris-x86 | 0.81.0 | 146.00 | OK | |||
r-release-linux-x86_64 | 0.81.0 | 43.33 | 43.00 | 86.33 | OK | |
r-release-macos-x86_64 | 0.81.0 | NOTE | ||||
r-release-windows-ix86+x86_64 | 0.81.0 | 116.00 | 86.00 | 202.00 | OK | |
r-oldrel-macos-x86_64 | 0.81.0 | NOTE | ||||
r-oldrel-windows-ix86+x86_64 | 0.81.0 | 125.00 | 84.00 | 209.00 | OK |
Version: 0.81.0
Check: package dependencies
Result: NOTE
Packages suggested but not available for checking:
'BSgenome.Hsapiens.UCSC.hg18.masked',
'BSgenome.Hsapiens.UCSC.hg19.masked'
Flavors: r-release-macos-x86_64, r-oldrel-macos-x86_64