CRAN Package Check Results for Package glmmTMB

Last updated on 2021-03-04 00:47:59 CET.

Flavor Version Tinstall Tcheck Ttotal Status Flags
r-devel-linux-x86_64-debian-clang 1.0.2.1 165.80 475.85 641.65 OK
r-devel-linux-x86_64-debian-gcc 1.0.2.1 145.46 381.50 526.96 OK
r-devel-linux-x86_64-fedora-clang 1.0.2.1 816.80 NOTE
r-devel-linux-x86_64-fedora-gcc 1.0.2.1 854.89 OK
r-devel-windows-ix86+x86_64 1.0.2.1 317.00 647.00 964.00 NOTE --no-vignettes
r-patched-linux-x86_64 1.0.2.1 164.44 481.90 646.34 OK
r-patched-solaris-x86 1.0.2.1 1153.60 NOTE
r-release-linux-x86_64 1.0.2.1 164.70 486.07 650.77 OK
r-release-macos-x86_64 1.0.2.1 NOTE
r-release-windows-ix86+x86_64 1.0.2.1 242.00 649.00 891.00 NOTE --no-vignettes
r-oldrel-macos-x86_64 1.0.2.1 NOTE
r-oldrel-windows-ix86+x86_64 1.0.2.1 308.00 619.00 927.00 NOTE --no-vignettes

Check Details

Version: 1.0.2.1
Check: installed package size
Result: NOTE
     installed size is 48.1Mb
     sub-directories of 1Mb or more:
     doc 1.2Mb
     libs 44.4Mb
     test_data 1.2Mb
Flavors: r-devel-linux-x86_64-fedora-clang, r-patched-solaris-x86, r-release-macos-x86_64, r-oldrel-macos-x86_64

Version: 1.0.2.1
Flags: --no-vignettes
Check: installed package size
Result: NOTE
     installed size is 25.4Mb
     sub-directories of 1Mb or more:
     doc 1.2Mb
     libs 21.7Mb
     test_data 1.2Mb
Flavors: r-devel-windows-ix86+x86_64, r-release-windows-ix86+x86_64, r-oldrel-windows-ix86+x86_64