Last updated on 2021-03-04 00:47:59 CET.
Flavor | Version | Tinstall | Tcheck | Ttotal | Status | Flags |
---|---|---|---|---|---|---|
r-devel-linux-x86_64-debian-clang | 0.1.1 | 11.06 | 101.21 | 112.27 | NOTE | |
r-devel-linux-x86_64-debian-gcc | 0.1.1 | 9.76 | 76.26 | 86.02 | NOTE | |
r-devel-linux-x86_64-fedora-clang | 0.1.1 | 142.31 | NOTE | |||
r-devel-linux-x86_64-fedora-gcc | 0.1.1 | 129.31 | NOTE | |||
r-devel-windows-ix86+x86_64 | 0.1.1 | 28.00 | 127.00 | 155.00 | NOTE | |
r-patched-linux-x86_64 | 0.1.1 | 9.65 | 92.98 | 102.63 | NOTE | |
r-patched-solaris-x86 | 0.1.1 | 190.80 | NOTE | |||
r-release-linux-x86_64 | 0.1.1 | 9.52 | 93.43 | 102.95 | NOTE | |
r-release-macos-x86_64 | 0.1.1 | NOTE | ||||
r-release-windows-ix86+x86_64 | 0.1.1 | 22.00 | 105.00 | 127.00 | NOTE | |
r-oldrel-macos-x86_64 | 0.1.1 | OK | ||||
r-oldrel-windows-ix86+x86_64 | 0.1.1 | 23.00 | 111.00 | 134.00 | NOTE |
Version: 0.1.1
Check: R code for possible problems
Result: NOTE
simCCCent : <anonymous>: no visible global function definition for
'simulate.formula'
Undefined global functions or variables:
simulate.formula
Flavors: r-devel-linux-x86_64-debian-clang, r-devel-linux-x86_64-debian-gcc, r-devel-linux-x86_64-fedora-clang, r-devel-linux-x86_64-fedora-gcc, r-devel-windows-ix86+x86_64, r-patched-linux-x86_64, r-patched-solaris-x86, r-release-linux-x86_64, r-release-macos-x86_64, r-release-windows-ix86+x86_64, r-oldrel-windows-ix86+x86_64