Last updated on 2021-03-04 00:47:59 CET.
Flavor | Version | Tinstall | Tcheck | Ttotal | Status | Flags |
---|---|---|---|---|---|---|
r-devel-linux-x86_64-debian-clang | 0.3.0 | 4.67 | 40.56 | 45.23 | OK | |
r-devel-linux-x86_64-debian-gcc | 0.3.0 | 4.63 | 31.62 | 36.25 | OK | |
r-devel-linux-x86_64-fedora-clang | 0.3.0 | 65.55 | NOTE | |||
r-devel-linux-x86_64-fedora-gcc | 0.3.0 | 53.48 | OK | |||
r-devel-windows-ix86+x86_64 | 0.3.0 | 11.00 | 63.00 | 74.00 | OK | |
r-patched-linux-x86_64 | 0.3.0 | 6.16 | 38.03 | 44.19 | OK | |
r-patched-solaris-x86 | 0.3.0 | 83.90 | OK | |||
r-release-linux-x86_64 | 0.3.0 | 4.89 | 38.34 | 43.23 | OK | |
r-release-macos-x86_64 | 0.3.0 | OK | ||||
r-release-windows-ix86+x86_64 | 0.3.0 | 8.00 | 49.00 | 57.00 | OK | |
r-oldrel-macos-x86_64 | 0.3.0 | OK | ||||
r-oldrel-windows-ix86+x86_64 | 0.3.0 | 10.00 | 54.00 | 64.00 | OK |
Version: 0.3.0
Check: package dependencies
Result: NOTE
Suggests orphaned package: ‘bibtex’
Flavor: r-devel-linux-x86_64-fedora-clang