Last updated on 2021-03-04 00:48:00 CET.
Flavor | Version | Tinstall | Tcheck | Ttotal | Status | Flags |
---|---|---|---|---|---|---|
r-devel-linux-x86_64-debian-clang | 1.0.0 | 185.84 | 216.38 | 402.22 | OK | |
r-devel-linux-x86_64-debian-gcc | 1.0.0 | 114.86 | 171.13 | 285.99 | OK | |
r-devel-linux-x86_64-fedora-clang | 1.0.0 | 513.42 | NOTE | |||
r-devel-linux-x86_64-fedora-gcc | 1.0.0 | 508.30 | NOTE | |||
r-devel-windows-ix86+x86_64 | 1.0.0 | 372.00 | 359.00 | 731.00 | OK | |
r-patched-linux-x86_64 | 1.0.0 | 105.02 | 222.20 | 327.22 | OK | |
r-patched-solaris-x86 | 1.0.0 | 531.00 | NOTE | |||
r-release-linux-x86_64 | 1.0.0 | 99.99 | 218.59 | 318.58 | OK | |
r-release-macos-x86_64 | 1.0.0 | NOTE | ||||
r-release-windows-ix86+x86_64 | 1.0.0 | 276.00 | 268.00 | 544.00 | OK | |
r-oldrel-macos-x86_64 | 1.0.0 | NOTE | ||||
r-oldrel-windows-ix86+x86_64 | 1.0.0 | 328.00 | 341.00 | 669.00 | OK |
Version: 1.0.0
Check: package dependencies
Result: NOTE
Imports includes 23 non-default packages.
Importing from so many packages makes the package vulnerable to any of
them becoming unavailable. Move as many as possible to Suggests and
use conditionally.
Flavor: r-devel-linux-x86_64-fedora-clang
Version: 1.0.0
Check: installed package size
Result: NOTE
installed size is 9.0Mb
sub-directories of 1Mb or more:
libs 8.3Mb
Flavors: r-devel-linux-x86_64-fedora-clang, r-release-macos-x86_64, r-oldrel-macos-x86_64
Version: 1.0.0
Check: dependencies in R code
Result: NOTE
Namespaces in Imports field not imported from:
‘MCMCpack’ ‘ggjoy’ ‘isotone’ ‘mvtnorm’ ‘questionr’ ‘rprojroot’
‘tidyverse’
All declared Imports should be used.
Flavors: r-devel-linux-x86_64-fedora-clang, r-devel-linux-x86_64-fedora-gcc, r-patched-solaris-x86, r-release-macos-x86_64, r-oldrel-macos-x86_64