Last updated on 2021-03-04 00:48:00 CET.
Flavor | Version | Tinstall | Tcheck | Ttotal | Status | Flags |
---|---|---|---|---|---|---|
r-devel-linux-x86_64-debian-clang | 0.1.1 | 2.90 | 46.77 | 49.67 | OK | |
r-devel-linux-x86_64-debian-gcc | 0.1.1 | 2.27 | 35.50 | 37.77 | OK | |
r-devel-linux-x86_64-fedora-clang | 0.1.1 | 70.02 | NOTE | |||
r-devel-linux-x86_64-fedora-gcc | 0.1.1 | 63.85 | NOTE | |||
r-devel-windows-ix86+x86_64 | 0.1.1 | 9.00 | 77.00 | 86.00 | OK | |
r-patched-linux-x86_64 | 0.1.1 | 2.69 | 45.31 | 48.00 | OK | |
r-patched-solaris-x86 | 0.1.1 | 89.30 | NOTE | |||
r-release-linux-x86_64 | 0.1.1 | 1.72 | 46.36 | 48.08 | OK | |
r-release-macos-x86_64 | 0.1.1 | NOTE | ||||
r-release-windows-ix86+x86_64 | 0.1.1 | 7.00 | 50.00 | 57.00 | OK | |
r-oldrel-macos-x86_64 | 0.1.1 | NOTE | ||||
r-oldrel-windows-ix86+x86_64 | 0.1.1 | 5.00 | 65.00 | 70.00 | OK |
Version: 0.1.1
Check: dependencies in R code
Result: NOTE
Namespaces in Imports field not imported from:
‘healthyR.data’ ‘modeltime’ ‘modeltime.ensemble’ ‘modeltime.resample’
‘stringr’
All declared Imports should be used.
Flavors: r-devel-linux-x86_64-fedora-clang, r-devel-linux-x86_64-fedora-gcc, r-patched-solaris-x86, r-release-macos-x86_64, r-oldrel-macos-x86_64